)/7*201/2. Let t = -1700 - i. What are the prime factors of t?
19, 41
Let i(t) = -636*t - 163. What are the prime factors of i(-24)?
15101
Suppose 5*o - 27*r - 7658 = -30*r, 2*o = 3*r + 3080. List the prime factors of o.
2, 13, 59
Suppose 0 = -2*n + 3*i - 94, 17 + 30 = -n + 3*i. Let w = n + 60. Suppose -3*c + 145 = w. List the prime factors of c.
2, 11
What are the prime factors of 6*(1/3*-1 - (-772906)/426)?
2, 3, 907
Let l(d) = 278*d**3 - 2*d**2 + d + 2. Suppose -5*h + 3*c = -1 + 5, -2*c = 2*h - 8. What are the prime factors of l(h)?
3, 31
Let d(m) be the third derivative of m**8/10080 + m**7/840 - m**5/6 + 11*m**2. Let a(i) be the third derivative of d(i). List the prime factors of a(-5).
2, 5
Let i = 22420 - -456. List the prime factors of i.
2, 7, 19, 43
Suppose -z - 1 = 5. What are the prime factors of (-3 - 1930/(-15)) + 4/z?
5
Let c(s) = -3*s**3 + 14*s**2 + 7*s - 6. Let x be c(-6). Suppose x = -25*t + 28*t. Suppose -14*j + 10*j = -t. What are the prime factors of j?
2, 23
Suppose -2 = -9*w + 70. Suppose -w = 2*k, -r - 4*k = -2*r + 316. Suppose 0 = 17*q - 12*q - r. What are the prime factors of q?
2, 3, 5
Let a = 16192 - -36752. List the prime factors of a.
2, 3, 1103
Let g(a) = -10*a**2 - 62*a - 273. Let b(x) = -15*x**2 - 92*x - 409. Let o(f) = -5*b(f) + 7*g(f). List the prime factors of o(-13).
641
Suppose 3*q - 136 - 32 = 0. Let h(o) = 2*o**2 + o - 6. Let k be h(-2). List the prime factors of 543/5 + k + q/140.
109
What are the prime factors of (-37 + 218/6)/(0 - 2/1602)?
2, 3, 89
Let v be (3/12*-83)/((-22)/440). Suppose -v - 881 = -9*n. What are the prime factors of n?
2, 3
Let x = -4 - -6. Suppose 22*d - 26*d - 85 = -5*y, 0 = 5*y + 5*d - 40. Suppose -4*c - x*r = -494, -2*r + 3 = y. List the prime factors of c.
2, 3, 7
Let z(b) be the third derivative of 19*b**4/12 - 17*b**3/6 + 103*b**2. What are the prime factors of z(1)?
3, 7
Suppose 5*m + 2*d = 483, -d + 189 = 3*m - 101. Let f = m + -41. Suppose f*b - 57*b = -237. List the prime factors of b.
3, 79
Suppose 72569 = 46*x + 2373. List the prime factors of x.
2, 7, 109
Suppose -3*m + 5*m - 6*m = 0. Suppose -3*s - 182 + 1226 = m. Suppose -2*n - 3*n - 870 = -5*r, 0 = -2*r - n + s. What are the prime factors of r?
2, 3, 29
List the prime factors of (0 + -6)*((-87850)/21 - 2).
2, 43, 73
Suppose 2*s = 5*c - 104320, -262*s - 41752 = -2*c - 266*s. What are the prime factors of c?
2, 10433
Suppose -3*n + 0*u = u - 8, 3*n + 4 = -4*u. Let x(i) = 31 - 7*i + 37 - n - 30. What are the prime factors of x(-10)?
2, 13
Let b = -89 + 90. Let o be (1 + b)/((-5)/((-30)/6)). Suppose 0 = -10*m + o*m + 992. What are the prime factors of m?
2, 31
Suppose 0 = 2*f + 9 - 17. Suppose f*b - 33 = -53. List the prime factors of 173 + (b - (-20)/4).
173
Let b(w) = 23*w**3 + 2*w**2 - 9*w + 17. Let m be b(2). Let n = 0 + m. What are the prime factors of n?
191
Let p = -3 - -19. Let o be (966/4)/(12/p). Let f = -193 + o. List the prime factors of f.
3, 43
What are the prime factors of (906/1510 + (-139118)/(-20))*(-1 + 7)?
3, 13913
What are the prime factors of 2 + 3191 - ((18 - 10) + -1)?
2, 3, 59
Let s = 102 - 89. Suppose 0 = -s*w + 8*w + 4180. List the prime factors of w.
2, 11, 19
Let c = -2491 + 9099. List the prime factors of c.
2, 7, 59
Let s(k) = -3*k**2 + 5*k - 63. Let w(r) = 17*r**2 - 26*r + 314. Let z(p) = 11*s(p) + 2*w(p). List the prime factors of z(-13).
5, 13
Suppose 83*x - 7011456 = -18*x - 91*x. What are the prime factors of x?
2, 19, 31
Let t(i) = 2*i**2 + 2*i - 1. Let g be t(1). Let n be (6 - g)*-1 + 187. Let j = n + -28. What are the prime factors of j?
2, 3, 13
Let u = 268 + -131. Let m = -130 + u. Suppose m*s = 12*s - 95. What are the prime factors of s?
19
Let v = 3294 + 37141. What are the prime factors of v?
5, 8087
Let o(u) = 2*u**2 - 25*u + 116. Let d be o(25). Let k = d + -368. List the prime factors of k.
373
Let p(d) = 42*d**2 - 400*d + 12. What are the prime factors of p(11)?
2, 347
Suppose 24*l - 30*l = -1008. List the prime factors of (17/2)/(-11 + 1862/l).
2, 3, 17
Let w be 91 - (-143)/13 - (-2)/2. Let t = 18 - 7. Let s = w - t. What are the prime factors of s?
2, 23
Suppose 2*p + 205 = -2*p + 5*h, 65 = -p + 4*h. Let m = 33 + p. List the prime factors of (-643)/(-4) + -2 + 9/m.
2, 79
Let l = 268 - -45. Suppose 12*h - 1801 = -l. List the prime factors of h.
2, 31
Suppose 3*q = 85*s - 88*s + 45981, 2*q = s + 30675. List the prime factors of q.
2, 11, 17, 41
Let v = -23095 + 38715. What are the prime factors of v?
2, 5, 11, 71
Let d be ((2 - (6 - 4))/2)/2. Suppose 4*y + 10*y - 3444 = d. List the prime factors of y.
2, 3, 41
Suppose -4*g = t - 10737, g - 12718 - 8784 = -2*t. List the prime factors of t.
10753
Let k = 3724 + 15271. List the prime factors of k.
5, 29, 131
What are the prime factors of -2038*(5 - 24) - (-27 + 25)?
2, 3, 7, 461
Let i(o) = -54*o - 3. Let d = -5 - -4. Let r be i(d). Let z = r - 37. What are the prime factors of z?
2, 7
Suppose -4*u + 2*h = u - 37, u + h - 13 = 0. Suppose -f - u = -3*f - q, 5*q + 15 = 2*f. Suppose -f*n + 570 = -0*n. List the prime factors of n.
2, 3, 19
Let l(j) = -2*j + 16. Let m be l(10). Let z(f) = f**3 + 4*f**2 - 2*f - 4. Let s be z(-4). List the prime factors of m + (s - 1) + 2 + 13.
2, 7
Let t(o) = 19*o**2 - 10*o + 35. Let a be t(-8). Suppose 2*q = -5*z + a + 3711, 0 = -z - 2*q + 1002. List the prime factors of z.
2, 5, 101
Let k(p) = -p**2 - p - 1. Suppose 83 = -5*m + 73. Let r(l) = -126*l**2 + 9*l + 8. Let i(t) = m*k(t) - r(t). What are the prime factors of i(-1)?
3, 43
Let o(f) = 1265*f**3 - 7*f**2 + 8*f - 12. List the prime factors of o(2).
2, 631
Suppose -3*z + 104 = 23*z. Suppose 0*n + 528 = 4*x + 4*n, 4*x = z*n + 528. What are the prime factors of x?
2, 3, 11
List the prime factors of (12824/6)/(-20 + (-13504)/(-672)).
2, 7, 229
Let a(j) = -223*j**2 - 6*j + 6. Let h(u) = u**2 - 2*u + 2. Let v(l) = -a(l) + 4*h(l). List the prime factors of v(1).
227
Let p(a) = a**3 - 16*a**2 + 28*a - 20. Let v be p(12). Let z = 97 - v. What are the prime factors of z?
3, 7, 17
Suppose 5*d - 20561 = -a + 21163, 0 = -3*d - 15. List the prime factors of a.
83, 503
List the prime factors of 71786/8 + 1 - 871/3484.
2, 7, 641
List the prime factors of (-3 + 21398 - 6)/1.
73, 293
Suppose 0 = 615*q - 11079374 + 4101584. What are the prime factors of q?
2, 3, 31, 61
Suppose 190*k - 15871671 = -71*k. What are the prime factors of k?
60811
Suppose -2*p = 16*p - 90. What are the prime factors of 86*(p + (-45)/10)?
43
Let f be (-69)/(-46)*632/6. Suppose x = -3*s + 62, -5*x - f = -8*x + 5*s. List the prime factors of x.
2, 7
Suppose -k - 883 = 4*w, w - 1766 = -k + 3*k. Let r = -706 - k. What are the prime factors of r?
3, 59
Let z(o) = 437*o**2 - 13*o + 1. Let c(g) = 219*g**2 - 6*g. Let h(d) = 7*c(d) - 3*z(d). List the prime factors of h(-2).
3, 11
Suppose 69*i = 10*i + 885. Suppose 7*y + 4*f - 1896 = 3*y, 3*f = i. List the prime factors of y.
7, 67
Suppose 123*v - 24940 = 119*v. List the prime factors of v.
5, 29, 43
Let x = -8 + 16. Let s be ((-29)/(-4))/(2/x). Suppose 0*w - w + s = u, -5*w - 4*u = -150. List the prime factors of w.
2, 17
Suppose -26*k + 33*k - 28 = 0. Suppose -y + 0*y - 5*c = -62, 0 = k*y + c - 324. What are the prime factors of y?
2, 41
Suppose -9*p - 32 = -13*p. Suppose -p*c + 1975 = -3*c. List the prime factors of c.
5, 79
Suppose -4*p + 10*s = 9*s - 2722, s - 678 = -p. Let q = p - 300. List the prime factors of q.
2, 5, 19
Let u be (3 + 0 - -2)*(-4115)/(-25). Let q = u + -1164. Let x = q - -507. List the prime factors of x.
2, 83
Let u = 62722 + -35112. What are the prime factors of u?
2, 5, 11, 251
Let y = 5506 - 3688. List the prime factors of y.
2, 3, 101
Let h(y) = -y - 11. Let n be h(-10). Let w = -7 - n. List the prime factors of ((-380)/(-12) - -3)/((-2)/w).
2, 13
Suppose v = -5 + 1. What are the prime factors of 177 - 1/3*(v + -2)?
179
Suppose 15*k = -10325 + 27725. Let q = k + -632. Suppose -8*n = -4*n - q. List the prime factors of n.
2, 3, 11
Let f be -2 - (2 + -4) - 79. Let p(z) = -2*z**3 + 8*z**2 + 5*z - 23. Let s be p(5). Let w = s - f. What are the prime factors of w?
31
Let j(b) be the third derivative of 11*b**5/6 + b**4/12 - b**3/6 - 61*b**2. What are the prime factors of j(-2)?
3, 5, 29
Let x be 158/(-18) + 0 + (-18